the highest common factor of 19895 and 2032165?
115
Calculate the highest common factor of 11868 and 142577.
23
What is the highest common divisor of 30101 and 386973?
31
Calculate the highest common divisor of 168 and 3727983.
21
What is the highest common divisor of 5670 and 713790?
630
What is the highest common factor of 2984535 and 7740?
45
Calculate the greatest common factor of 11086700 and 16675.
725
Calculate the greatest common divisor of 117 and 2260934.
13
What is the greatest common divisor of 1108 and 2524?
4
Calculate the greatest common factor of 69744010 and 945.
35
Calculate the greatest common divisor of 166754 and 78114.
554
Calculate the highest common factor of 739168 and 224.
32
What is the highest common factor of 11883855 and 60?
15
What is the highest common divisor of 665 and 22906457?
133
What is the greatest common divisor of 185856 and 71511?
363
Calculate the greatest common factor of 18921 and 7044177.
1113
What is the highest common divisor of 39284 and 16897?
61
What is the greatest common factor of 198990740 and 26?
26
What is the greatest common divisor of 3016266 and 184?
46
Calculate the highest common divisor of 94427897 and 241.
241
Calculate the greatest common divisor of 1060108 and 16422.
14
Calculate the greatest common divisor of 136227 and 91923.
39
What is the highest common divisor of 29071116 and 13716?
108
Calculate the highest common divisor of 1715 and 75928930.
245
What is the greatest common factor of 64472466 and 510?
102
Calculate the highest common divisor of 144 and 17739504.
144
What is the greatest common factor of 31869850 and 50?
50
What is the highest common factor of 36514380 and 84?
84
What is the greatest common factor of 4531690 and 390?
10
Calculate the highest common factor of 6970847 and 247.
13
What is the highest common factor of 85 and 379876985?
85
Calculate the highest common factor of 18815 and 11570515.
355
What is the highest common divisor of 341 and 66205615?
31
What is the highest common factor of 52098 and 21637122?
2742
What is the greatest common factor of 8120040 and 2155?
2155
What is the highest common divisor of 12062402 and 8?
2
What is the greatest common divisor of 145071 and 51143?
199
Calculate the highest common factor of 3929 and 98232858.
3929
Calculate the greatest common divisor of 794826 and 354732.
246
What is the greatest common factor of 26040305 and 1135?
1135
Calculate the greatest common factor of 20 and 22537340.
20
Calculate the greatest common factor of 3024 and 1173798.
54
Calculate the highest common divisor of 57 and 3659552.
19
What is the greatest common factor of 1555918 and 3185?
91
Calculate the greatest common factor of 732710 and 13720.
10
What is the highest common factor of 1563932 and 103768?
7412
Calculate the highest common factor of 45536 and 130466332.
5692
Calculate the greatest common divisor of 2205 and 1094366.
49
What is the greatest common factor of 42993 and 167624930?
4777
What is the greatest common factor of 1192 and 148757428?
596
Calculate the greatest common factor of 275881127 and 166.
83
Calculate the greatest common divisor of 128554 and 10982.
646
What is the greatest common factor of 391047129 and 297?
297
Calculate the greatest common factor of 7768980 and 414.
18
What is the highest common divisor of 56 and 1485496?
8
What is the highest common factor of 1232 and 8067472?
112
What is the highest common divisor of 2168 and 3842509?
271
Calculate the greatest common factor of 11604 and 216579957.
2901
What is the highest common factor of 441819784 and 112?
56
Calculate the greatest common divisor of 1941570 and 20774.
1598
Calculate the highest common divisor of 1076592 and 1518.
66
Calculate the highest common divisor of 15939 and 5713246.
1771
What is the highest common factor of 330980 and 182?
26
Calculate the highest common divisor of 1360 and 27306760.
680
What is the greatest common divisor of 1692144 and 592?
16
What is the highest common factor of 1378600 and 248?
8
Calculate the highest common factor of 1296 and 10919934.
162
What is the greatest common factor of 61 and 209047?
61
Calculate the greatest common factor of 20685 and 169680.
105
What is the highest common divisor of 338 and 15592447?
169
What is the highest common factor of 27 and 5386869?
9
Calculate the highest common factor of 1625083 and 58181.
797
Calculate the highest common factor of 64046741 and 333.
37
What is the greatest common factor of 5376 and 2605792?
224
What is the highest common factor of 339339 and 5577?
429
What is the highest common factor of 2167028595 and 16110?
8055
Calculate the highest common factor of 55 and 3046345.
5
What is the greatest common factor of 2115058 and 1254?
22
What is the highest common factor of 54365 and 305885?
655
Calculate the highest common divisor of 1447823 and 2766023.
2197
Calculate the highest common factor of 3586 and 66462.
22
What is the greatest common divisor of 106 and 409160?
106
What is the highest common divisor of 88 and 24163348?
44
What is the greatest common divisor of 208 and 457522?
26
What is the highest common divisor of 1987136 and 7472?
16
Calculate the greatest common divisor of 238 and 39842866.
238
What is the greatest common factor of 142 and 17405579?
71
Calculate the highest common factor of 2278375 and 19195.
55
What is the greatest common divisor of 1437276 and 2064?
12
Calculate the highest common divisor of 24 and 421379568.
24
Calculate the greatest common divisor of 7937963 and 316778.
2057
What is the highest common divisor of 204825040 and 760?
40
What is the greatest common factor of 12742 and 220492?
554
What is the greatest common factor of 80199 and 8107?
67
What is the highest common factor of 16 and 88630964?
4
What is the highest common factor of 279013549 and 101259?
11251
Calculate the highest common factor of 37333 and 509.
1
Calculate the highest common divisor of 833 and 11721143.
833
What is the greatest common divisor of 6013 and 39494?
7
What is the highest common factor of 19895616 and 768?
192
What is the highest common divisor of 134 and 23697163?
67
What is the highest common divisor of 8554207 and 13403?
1031
What is the highest common factor of 650 and 138634990?
130
Calculate the greatest common divisor of 6969446 and 22.
22
What is the greatest common factor of 31724222 and 12834?
1426
What is the greatest common divisor of 2878 and 51308984?
2878
What is the highest common divisor of 3051300 and 57575?
175
What is the greatest common factor of 9555495 and 67920?
4245
What is the highest common factor of 108 and 221843178?
54
What is the highest common factor of 5528775 and 1036?
7
Calculate the highest common factor of 14845327 and 131537.
3059
What is the highest common divisor of 28569626 and 9992?
2498
Calculate the greatest common factor of 278926 and 238184.
3134
Calculate the highest common factor of 13657176 and 648.
72
What is the highest common divisor of 162697 and 95?
19
What is the greatest common factor of 1166282 and 3038?
62
Calculate the greatest common factor of 2646 and 4866806.
14
Calculate the greatest common divisor of 1064563 and 603.
67
Calculate the highest common factor of 28438410 and 102102.
6006
What is the greatest common divisor of 334991700 and 8100?
8100
What is the greatest common divisor of 23556871 and 52?
13
Calculate the highest common factor of 30306548 and 256.
4
What is the greatest common divisor of 45532764 and 295461?
3177
Calculate the highest common divisor of 69894 and 90816.
66
What is the greatest common divisor of 7677 and 180836?
853
What is the greatest common divisor of 364307 and 1399516?
3607
Calculate the greatest common factor of 92714552 and 21.
7
What is the greatest common factor of 213 and 173306101?
71
Calculate the highest common factor of 2859570 and 280.
70
Calculate the greatest common factor of 1380 and 60924.
12
What is the highest common divisor of 1250969304 and 208?
104
What is the highest common divisor of 53952550 and 600?
50
What is the greatest common divisor of 26291010 and 20?
10
What is the highest common factor of 502316 and 397919?
1513
Calculate the highest common factor of 12 and 10828452.
12
Calculate the greatest common factor of 377 